{"id":2,"date":"2016-04-24T09:21:02","date_gmt":"2016-04-24T08:21:02","guid":{"rendered":"http:\/\/aurorelouison.com\/?page_id=2"},"modified":"2023-02-26T18:41:03","modified_gmt":"2023-02-26T16:41:03","slug":"page-d-exemple","status":"publish","type":"page","link":"https:\/\/www.aurorelouison.com\/index.php\/page-d-exemple\/","title":{"rendered":"Saison 2023"},"content":{"rendered":"<p><\/p>\n<p>Pour cette nouvelle saison, nous repartons en Championnat de France de la Montagne.<\/p>\n<p>Le TEAM PICARD RACING nous r\u00e9it\u00e8re sa confiance en mettant \u00e0 disposition la Mitjet 1300.&nbsp;<\/p>\n\n\n<figure class=\"wp-block-image size-large\"><img decoding=\"async\" loading=\"lazy\" width=\"1024\" height=\"683\" src=\"https:\/\/www.aurorelouison.com\/wp-content\/uploads\/2023\/02\/CC8CCE8A-41B1-4E96-A69E-743560E9471D_1_105_c-1024x683.jpeg\" alt=\"\" class=\"wp-image-312\" srcset=\"https:\/\/www.aurorelouison.com\/wp-content\/uploads\/2023\/02\/CC8CCE8A-41B1-4E96-A69E-743560E9471D_1_105_c-1024x683.jpeg 1024w, https:\/\/www.aurorelouison.com\/wp-content\/uploads\/2023\/02\/CC8CCE8A-41B1-4E96-A69E-743560E9471D_1_105_c-300x200.jpeg 300w, https:\/\/www.aurorelouison.com\/wp-content\/uploads\/2023\/02\/CC8CCE8A-41B1-4E96-A69E-743560E9471D_1_105_c-768x512.jpeg 768w, https:\/\/www.aurorelouison.com\/wp-content\/uploads\/2023\/02\/CC8CCE8A-41B1-4E96-A69E-743560E9471D_1_105_c.jpeg 1086w\" sizes=\"(max-width: 1024px) 100vw, 1024px\" \/><\/figure>\n\n\n\n<p>Cr\u00e9dit photo : Nicolas Millet Photographie<\/p>\n\n\n\n<p>10 courses sont pr\u00e9vues sur le championnat et quelques r\u00e9gionales pour peaufiner les r\u00e9glages en d\u00e9but et en cours d&rsquo;ann\u00e9e.<\/p>\n\n\n\n<p>Vous pouvez nous soutenir dans notre aventure, prenez contact avec nous pour plus d&rsquo;information et b\u00e9n\u00e9ficiez de nombreux avantages, communication, entr\u00e9es VIP sur les \u00e9preuves, stages de pilotage, soir\u00e9e de cl\u00f4ture&#8230;<\/p>\n\n\n\n<figure class=\"wp-block-image size-full\"><img decoding=\"async\" loading=\"lazy\" width=\"621\" height=\"593\" src=\"https:\/\/www.aurorelouison.com\/wp-content\/uploads\/2023\/02\/Capture-decran-2023-02-26-a-17.22.26.png\" alt=\"\" class=\"wp-image-313\" srcset=\"https:\/\/www.aurorelouison.com\/wp-content\/uploads\/2023\/02\/Capture-decran-2023-02-26-a-17.22.26.png 621w, https:\/\/www.aurorelouison.com\/wp-content\/uploads\/2023\/02\/Capture-decran-2023-02-26-a-17.22.26-300x286.png 300w\" sizes=\"(max-width: 621px) 100vw, 621px\" \/><\/figure>\n","protected":false},"excerpt":{"rendered":"<p>Pour cette nouvelle saison, nous repartons en Championnat de France de la Montagne. Le TEAM PICARD RACING nous r\u00e9it\u00e8re sa confiance en mettant \u00e0 disposition la Mitjet 1300.&nbsp; Cr\u00e9dit photo : Nicolas Millet Photographie 10 courses sont pr\u00e9vues sur le championnat et quelques r\u00e9gionales pour peaufiner les r\u00e9glages en d\u00e9but et en cours d&rsquo;ann\u00e9e. Vous&#8230; <\/p>\n","protected":false},"author":1,"featured_media":315,"parent":0,"menu_order":0,"comment_status":"closed","ping_status":"open","template":"","meta":[],"_links":{"self":[{"href":"https:\/\/www.aurorelouison.com\/index.php\/wp-json\/wp\/v2\/pages\/2"}],"collection":[{"href":"https:\/\/www.aurorelouison.com\/index.php\/wp-json\/wp\/v2\/pages"}],"about":[{"href":"https:\/\/www.aurorelouison.com\/index.php\/wp-json\/wp\/v2\/types\/page"}],"author":[{"embeddable":true,"href":"https:\/\/www.aurorelouison.com\/index.php\/wp-json\/wp\/v2\/users\/1"}],"replies":[{"embeddable":true,"href":"https:\/\/www.aurorelouison.com\/index.php\/wp-json\/wp\/v2\/comments?post=2"}],"version-history":[{"count":9,"href":"https:\/\/www.aurorelouison.com\/index.php\/wp-json\/wp\/v2\/pages\/2\/revisions"}],"predecessor-version":[{"id":324,"href":"https:\/\/www.aurorelouison.com\/index.php\/wp-json\/wp\/v2\/pages\/2\/revisions\/324"}],"wp:featuredmedia":[{"embeddable":true,"href":"https:\/\/www.aurorelouison.com\/index.php\/wp-json\/wp\/v2\/media\/315"}],"wp:attachment":[{"href":"https:\/\/www.aurorelouison.com\/index.php\/wp-json\/wp\/v2\/media?parent=2"}],"curies":[{"name":"wp","href":"https:\/\/api.w.org\/{rel}","templated":true}]}}